{"id":199,"date":"2026-05-26T07:48:19","date_gmt":"2026-05-26T07:48:19","guid":{"rendered":"https:\/\/dev.sektechnosoft.com\/CLMS\/?post_type=clms-sleep-test&#038;p=199"},"modified":"2026-07-07T09:59:43","modified_gmt":"2026-07-07T09:59:43","slug":"sleep-log","status":"publish","type":"clms-sleep-test","link":"https:\/\/clms.ch\/en\/clms-sleep-test\/sleep-log\/","title":{"rendered":"Sleep diary"},"content":{"rendered":"<p class=\"wp-block-paragraph\">Auto-\u00e9valuation du sommeil et des comportements associ\u00e9s (par exemple, les heures de coucher et de lever). Utilis\u00e9e pour comprendre les troubles du sommeil et orienter la prise en charge comportementale.<\/p>\n\n\n\n<p class=\"wp-block-paragraph\"><\/p>","protected":false},"featured_media":19,"template":"","meta":{"_acf_changed":true},"class_list":["post-199","clms-sleep-test","type-clms-sleep-test","status-publish","has-post-thumbnail","hentry"],"acf":[],"_links":{"self":[{"href":"https:\/\/clms.ch\/en\/wp-json\/wp\/v2\/clms-sleep-test\/199","targetHints":{"allow":["GET"]}}],"collection":[{"href":"https:\/\/clms.ch\/en\/wp-json\/wp\/v2\/clms-sleep-test"}],"about":[{"href":"https:\/\/clms.ch\/en\/wp-json\/wp\/v2\/types\/clms-sleep-test"}],"wp:featuredmedia":[{"embeddable":true,"href":"https:\/\/clms.ch\/en\/wp-json\/wp\/v2\/media\/19"}],"wp:attachment":[{"href":"https:\/\/clms.ch\/en\/wp-json\/wp\/v2\/media?parent=199"}],"curies":[{"name":"wp","href":"https:\/\/api.w.org\/{rel}","templated":true}]}}

<p class="wp-block-paragraph">Auto-évaluation du sommeil et des comportements associés (par exemple, les heures de coucher et de lever). Utilisée pour comprendre les troubles du sommeil et orienter la prise en charge comportementale.</p>



<p class="wp-block-paragraph"></p>
